2. What are the prime factors of i?
7, 61
Let d = 3 + -1. Suppose d*j = c - 4*c + 25, -3*j = -2*c - 5. Suppose m - c*m - 2*v + 122 = 0, 4*v = 2*m - 36. What are the prime factors of m?
2, 7
Suppose 5*f - 1703 = -2*a - a, -5*f + 3*a + 1697 = 0. What are the prime factors of f?
2, 5, 17
Let a(l) = 22*l - 3. What are the prime factors of a(4)?
5, 17
Let c(i) = 153*i**2 - 13*i + 8. What are the prime factors of c(-2)?
2, 17, 19
Let y(n) = -2*n - 3*n - 25 - 11*n**2 - n**3 + 16 - 7*n**2. Let q be y(-18). Suppose 4*k + 5*o - 89 = 0, -o + 2*o = 3*k - q. List the prime factors of k.
2, 13
Let j be -4 - (-17)/((-68)/(-888)). Suppose 4*d = -4*i + d + 408, 2*i = -5*d + j. List the prime factors of i.
3, 11
Suppose -99 = -3*y + 369. Suppose -4*m - 2*w = w - y, 0 = 5*m + 4*w - 196. What are the prime factors of m?
2, 3
Suppose 0 = 125*u - 110*u - 13560. List the prime factors of u.
2, 113
Let y(z) = 5*z**2 - 15*z - 130. List the prime factors of y(18).
2, 5, 61
Let i = -62 + 96. Let n = -18 + i. Let t = 32 - n. What are the prime factors of t?
2
Let r be (-1)/1*(2 + -1). Suppose 0 = -14*y + 77 + 455. What are the prime factors of r/(74/y - 2)?
19
Suppose 0 = 9*n + 34*n - 115713. What are the prime factors of n?
3, 13, 23
Let l(m) = 30*m**2 + 8*m + 3. Let s be l(-3). Let p = -2337 + s. What are the prime factors of (-2)/(-7) - p/42?
2, 5
What are the prime factors of (-10 - -2)*2344/(-16)?
2, 293
Let w(m) = 15*m**2 + 68*m + 1159. List the prime factors of w(-17).
2, 3, 241
What are the prime factors of (48 - 42) + (308 - (0 - 0))?
2, 157
Suppose -27 = 5*a + 38. Let m = 170 + -190. Let y = a - m. List the prime factors of y.
7
Suppose -396 = 10*q - 3586. What are the prime factors of q?
11, 29
Let n be ((-2)/(-6))/(4/(-24)). List the prime factors of -2 + (-808)/(-6) - n/6.
7, 19
Let j(h) be the third derivative of h**7/840 + h**6/180 + h**5/120 + h**3/3 + 3*h**2. Let k(o) be the first derivative of j(o). List the prime factors of k(2).
2, 3
Suppose -3*s + 379 = -5*p, 0 = 2*s + s + p - 385. Suppose 0 = 2*j - 5*k - 64, 3*k - 5*k = -4*j + s. List the prime factors of j.
2
Suppose -3*u + 32 = -u. Suppose 0 = 4*k - 4*r + u + 4, 3*r = 5*k + 15. Suppose k*s + 4*s = 144. What are the prime factors of s?
2, 3
Let w = -1760 + 2989. List the prime factors of w.
1229
Let t(s) = 5*s - 19. Let u(i) = 10*i - 39. Let k(f) = 7*t(f) - 3*u(f). Let b be (-3)/(-9) - 64/(-6). List the prime factors of k(b).
3, 13
Let p(v) = 11*v**2 + 44*v + 25. Let r(d) = 4*d**2 + 15*d + 8. Let u(q) = 3*p(q) - 8*r(q). Let l be u(-10). Let y(x) = -5*x - 15. List the prime factors of y(l).
2, 3, 5
Let r = -1349 + 2229. List the prime factors of r.
2, 5, 11
Suppose -4*j + 492 = 3*n, j = 2*n + 3*j - 330. Suppose -6*q - n = -852. List the prime factors of q.
2, 3, 19
Suppose 0 = -0*f + 5*f - 4*h - 1905, 2*f - 779 = 5*h. What are the prime factors of f?
13, 29
Let x(a) = 19*a - 83. Let v be x(13). Suppose -p = -5*k + 181, 4*k + 2*p - v = -2*p. What are the prime factors of k?
37
Suppose 0 = -5*z - 18*z + 10580. List the prime factors of z.
2, 5, 23
Let u = 14742 + -10065. List the prime factors of u.
3, 1559
Suppose -3960 = -4*k + 2*s, 4*k - 3972 = -13*s + 12*s. List the prime factors of k.
2, 31
Let o(j) = 415*j - 401. List the prime factors of o(10).
23, 163
Let a = 500 + 4943. List the prime factors of a.
5443
List the prime factors of (-9578)/(-9) + (-16)/72.
2, 7, 19
Suppose 4*i + 3*f - 13624 = -4262, 0 = -4*i + 2*f + 9372. List the prime factors of i.
2, 1171
What are the prime factors of 10/(-35) - 5469/(-7)?
11, 71
Suppose 0 = 2*s + 5 - 1. Suppose 2*n = -n + a - 64, 2*a - 8 = 0. Let d = s - n. List the prime factors of d.
2, 3
Let g = 13 + -16. Let a = g - -6. What are the prime factors of (1 - a)/(12/(-306))?
3, 17
Let v = -8 - -230. List the prime factors of v/3 + -2 - (1 + 0).
71
Let h = 374 + 825. What are the prime factors of h?
11, 109
Let j = 238 + -110. List the prime factors of j.
2
Let r = -26 + 30. Suppose 0 = -r*m - 4*v + 1228, -4*m - 3*v + 1120 + 110 = 0. Suppose -d - 164 = -3*q, -m = -4*q - 4*d - 117. List the prime factors of q.
53
Suppose 2*g + 45 - 11 = 0. Let z = -2 - g. What are the prime factors of z?
3, 5
Suppose 0 = -23*a + 7738 + 2106. What are the prime factors of a?
2, 107
Suppose -10 = 10*t - 15*t. Let d be 0 + 0 + (0 - t). What are the prime factors of d/8 - 324/(-16)?
2, 5
Suppose -2*w - 34 = -144. Let m = w - -50. Suppose -v + m = 2*v. What are the prime factors of v?
5, 7
Suppose 0 = -3*f - 3*p + 1920, 1925 = 3*f - 0*f + 4*p. List the prime factors of f.
5, 127
Suppose 2*j - 24 = -j. Suppose -3*d = -j*d + 60. Suppose 6*w - d = -0*w. List the prime factors of w.
2
Suppose l = -3*l + 304. Let q be ((-15)/2)/((-3)/l). List the prime factors of 3/12 - q/(-8).
2, 3
Let f(h) = -h**3 + 21*h**2 - 19*h + 11. Let y be (-50)/3*96/(-80). What are the prime factors of f(y)?
31
Suppose 0 = 4*j + j + 5, -j + 5 = 3*v. Let h be (2 - (-24)/(-15)) + 152/20. Suppose -16 = -v*s + h. What are the prime factors of s?
2, 3
Let h(j) = j**3 - 14*j**2 + j - 12. Let y be h(14). Let b be (0 - 2)*(-1)/y. Suppose -m - 6 - b = -s, s + 3*m + 1 = 0. List the prime factors of s.
5
Let p(n) = -4*n - n**2 - 1 + 0 + 5*n + 5*n**3. Let x be p(-2). Let u = 79 + x. List the prime factors of u.
2
Let t be (-14)/(-3) + (2/6)/1. Suppose -t*z + 317 = y, y + 52 = z - 9. List the prime factors of z.
3, 7
Suppose -5*z + 0*v = 3*v + 145, -4*z = 5*v + 103. Let f be (-317)/(-9) + (-6)/27. Let a = z + f. List the prime factors of a.
3
List the prime factors of (36/8 + -3)/((-18)/(-8808)).
2, 367
Let o(g) = -3*g**3 - 4*g**2 - 4. Let p = -23 - -14. Let n be (8/(-12))/((-2)/p). What are the prime factors of o(n)?
41
Let r = 35 - 28. Let q = r + 149. Suppose 4*u + 52 = n, 0*u - q = -3*n - 4*u. List the prime factors of n.
2, 13
Suppose -3*n + 5*m - 5 = -2*n, 0 = 2*n - 4*m + 4. Let j be -2*9/(-6) - n. Suppose 3*l = c - 6*c + 10, c = j*l + 2. What are the prime factors of c?
2
Let v(f) be the second derivative of 13*f**3/3 + 7*f**2 + 2*f. List the prime factors of v(5).
2, 3
Let j = 343 + -338. List the prime factors of j.
5
Suppose -2*c - 5*d + 106 + 121 = 0, -2*d = 2*c - 224. List the prime factors of c.
3, 37
Suppose 756*c - 1424 = 752*c. List the prime factors of c.
2, 89
List the prime factors of -2 + -4 + 4 + 1482.
2, 5, 37
Let x(q) = q**3 + 5*q**2 - 7*q - 2. Let l be x(-6). Suppose 0 = 4*b - 7*b + 15, -3*a + 16 = 2*b. List the prime factors of 35 + (l - a) - 3.
2, 17
Let j(q) = -q**3 + 6*q**2 - 12*q - 2. What are the prime factors of j(-6)?
2, 251
Let q be (-47)/(-2) + (-3)/(-6). Suppose 5*o = 241 + q. What are the prime factors of o?
53
Let q be 1/(-6) - (-46)/(-12). Let w be (-490)/(-18) + q/18. Let d = 1 + w. List the prime factors of d.
2, 7
Suppose 2*a + 40 = 2*f + a, -2*f = 4*a - 60. Suppose -s = 3*j + 1 - 10, -5*j + f = 4*s. List the prime factors of s.
3
Suppose -23*w = -20*w - n - 11128, 0 = 3*w + 3*n - 11112. What are the prime factors of w?
2, 3, 103
Let y(q) = 29*q**2 - 71*q + 105. List the prime factors of y(13).
3, 1361
Suppose -6 + 1 = -t. Suppose -11*d + 14*d + 2*q = 21, 3*q = -d + 14. List the prime factors of d/t + (25 - -2).
2, 7
Let w(o) = 7*o - 2. Let i(l) = -l**3 - 5*l**2 - 3*l. Let v be i(-4). Let m = v - -7. What are the prime factors of w(m)?
19
Let m be 3/((-1)/245*-5). Let q = m + -14. What are the prime factors of q?
7, 19
Suppose d + 2*u - 38 = 0, 3*u + 152 = 4*d + 5*u. Let q = -15 + 15. Suppose d + q = n. List the prime factors of n.
2, 19
Suppose -2*y - 2*y = 3*u - 129, 2*y = -5*u + 47. Suppose 22 = -k + y. List the prime factors of k.
2, 7
Let q(c) = c**2 + 3*c - 6. Let u be q(-5). Suppose 0 = u*k - 22 - 78. List the prime factors of k.
5
Suppose -5*i + 2*i = -9. Suppose -15 = -i*m, 0 = 2*z + 5*m - m - 144. List the prime factors of z.
2, 31
Suppose -546*d + 89340 = -531*d. What are the prime factors of d?
2, 1489
Let s = -29 + 58. Suppose 61 = -5*w - s. List the prime factors of w*(2 - (-13)/(-3)).
2, 3, 7
Suppose 3*j + 2*k = 5*k + 48, -5*j - 5*k = -50. Let n(h) = -h**3 + 12*h**2 + 15*h - 10. What are the prime factors of n(j)?
2
Let t = 59 - 66. List the prime factors of 316*(t/(-2))/7.
2, 79
Let k = -565 + 779. List the prime factors of k.
2, 107
Suppose -2*c + 7 = -5*n + 43, 